vided by 12?
11
What is the remainder when 36 is divided by 3?
0
What is the remainder when 907 is divided by 4?
3
Calculate the remainder when 2046 is divided by 16.
14
Calculate the remainder when 183 is divided by 19.
12
What is the remainder when 1544 is divided by 21?
11
Calculate the remainder when 503 is divided by 28.
27
Calculate the remainder when 1198 is divided by 12.
10
Calculate the remainder when 15286 is divided by 49.
47
What is the remainder when 1101 is divided by 52?
9
Calculate the remainder when 2416 is divided by 176.
128
What is the remainder when 605 is divided by 18?
11
Calculate the remainder when 18 is divided by 8.
2
Calculate the remainder when 34 is divided by 12.
10
Calculate the remainder when 552 is divided by 451.
101
What is the remainder when 2091 is divided by 15?
6
Calculate the remainder when 365 is divided by 17.
8
What is the remainder when 472 is divided by 40?
32
Calculate the remainder when 178 is divided by 37.
30
Calculate the remainder when 3269 is divided by 1087.
8
Calculate the remainder when 184 is divided by 80.
24
What is the remainder when 135 is divided by 34?
33
Calculate the remainder when 1478 is divided by 114.
110
Calculate the remainder when 32 is divided by 11.
10
What is the remainder when 417 is divided by 35?
32
Calculate the remainder when 329 is divided by 33.
32
Calculate the remainder when 463 is divided by 81.
58
What is the remainder when 195 is divided by 81?
33
Calculate the remainder when 469 is divided by 58.
5
Calculate the remainder when 149 is divided by 10.
9
Calculate the remainder when 675 is divided by 644.
31
What is the remainder when 1995 is divided by 111?
108
Calculate the remainder when 493 is divided by 31.
28
What is the remainder when 70 is divided by 4?
2
Calculate the remainder when 482 is divided by 23.
22
What is the remainder when 2749 is divided by 43?
40
Calculate the remainder when 13 is divided by 12.
1
What is the remainder when 30 is divided by 12?
6
Calculate the remainder when 360 is divided by 19.
18
Calculate the remainder when 680 is divided by 12.
8
What is the remainder when 26 is divided by 11?
4
Calculate the remainder when 709 is divided by 71.
70
What is the remainder when 257 is divided by 9?
5
What is the remainder when 1766 is divided by 13?
11
What is the remainder when 252 is divided by 17?
14
What is the remainder when 282 is divided by 58?
50
Calculate the remainder when 6036 is divided by 11.
8
What is the remainder when 8779 is divided by 20?
19
What is the remainder when 60 is divided by 36?
24
What is the remainder when 123 is divided by 5?
3
What is the remainder when 1539 is divided by 150?
39
Calculate the remainder when 1306 is divided by 19.
14
Calculate the remainder when 186 is divided by 54.
24
What is the remainder when 1262 is divided by 16?
14
Calculate the remainder when 246 is divided by 8.
6
Calculate the remainder when 4584 is divided by 654.
6
What is the remainder when 215 is divided by 180?
35
Calculate the remainder when 127 is divided by 34.
25
Calculate the remainder when 158 is divided by 20.
18
What is the remainder when 57 is divided by 9?
3
What is the remainder when 71 is divided by 12?
11
What is the remainder when 1259 is divided by 105?
104
Calculate the remainder when 136 is divided by 43.
7
What is the remainder when 915 is divided by 54?
51
What is the remainder when 266 is divided by 43?
8
Calculate the remainder when 52 is divided by 27.
25
Calculate the remainder when 146 is divided by 21.
20
What is the remainder when 6060 is divided by 14?
12
What is the remainder when 797 is divided by 47?
45
Calculate the remainder when 346 is divided by 117.
112
Calculate the remainder when 584 is divided by 116.
4
Calculate the remainder when 3131 is divided by 58.
57
What is the remainder when 626 is divided by 156?
2
Calculate the remainder when 1706 is divided by 424.
10
Calculate the remainder when 822 is divided by 253.
63
What is the remainder when 254 is divided by 118?
18
What is the remainder when 3145 is divided by 105?
100
What is the remainder when 219 is divided by 28?
23
What is the remainder when 79 is divided by 38?
3
What is the remainder when 166 is divided by 21?
19
What is the remainder when 97 is divided by 45?
7
What is the remainder when 412 is divided by 93?
40
Calculate the remainder when 67 is divided by 14.
11
Calculate the remainder when 1855 is divided by 64.
63
Calculate the remainder when 426 is divided by 110.
96
What is the remainder when 282 is divided by 113?
56
Calculate the remainder when 118 is divided by 8.
6
What is the remainder when 1317 is divided by 22?
19
Calculate the remainder when 193 is divided by 40.
33
Calculate the remainder when 623 is divided by 132.
95
Calculate the remainder when 43 is divided by 36.
7
Calculate the remainder when 297 is divided by 83.
48
What is the remainder when 294 is divided by 61?
50
What is the remainder when 3188 is divided by 152?
148
Calculate the remainder when 1249 is divided by 181.
163
What is the remainder when 640 is divided by 15?
10
Calculate the remainder when 493 is divided by 482.
11
What is the remainder when 1501 is divided by 216?
205
Calculate the remainder when 5052 is divided by 5049.
3
What is the remainder when 238 is divided by 38?
10
What is the remainder when 777 is divided by 34?
29
Calculate the remainder when 290 is divided by 141.
8
Calculate the remainder when 8013 is divided by 27.
21
Calculate the remainder when 2493 is divided by 43.
42
Calculate the remainder when 103 is divided by 6.
1
What is the remainder when 6551 is divided by 13?
12
What is the remainder when 83 is divided by 5?
3
What is the remainder when 1178 is divided by 4?
2
What is the remainder when 57 is divided by 23?
11
Calculate the remainder when 813 is divided by 4.
1
What is the remainder when 515 is divided by 15?
5
Calculate the remainder when 1277 is divided by 128.
125
Calculate the remainder when 7997 is divided by 32.
29
What is the remainder when 16 is divided by 6?
4
Calculate the remainder when 367 is divided by 98.
73
What is the remainder when 175 is divided by 173?
2
Calculate the remainder when 421 is divided by 25.
21
Calculate the remainder when 7606 is divided by 190.
6
What is the remainder when 1319 is divided by 44?
43
Calculate the remainder when 752 is divided by 31.
8
Calculate the remainder when 4506 is divided by 1496.
18
What is the remainder when 1504 is divided by 459?
127
What is the remainder when 1726 is divided by 567?
25
Calculate the remainder when 9785 is divided by 272.
265
Calculate the remainder when 75 is divided by 37.
1
What is the remainder when 58 is divided by 25?
8
What is the remainder when 970 is divided by 54?
52
Calculate the remainder when 1213 is divided by 55.
3
Calculate the remainder when 412 is divided by 138.
136
Calculate the remainder when 103 is divided by 45.
13
Calculate the remainder when 116 is divided by 30.
26
What is the remainder when 352 is divided by 337?
15
Calculate the remainder when 913 is divided by 23.
16
What is the remainder when 43 is divided by 11?
10
Calculate the remainder when 112 is divided by 11.
2
What is the remainder when 3423 is divided by 16?
15
Calculate the remainder when 198 is divided by 68.
62
What is the remainder when 691 is divided by 14?
5
Calculate the remainder when 136 is divided by 51.
34
What is the remainder when 148 is divided by 134?
14
What is the remainder when 3111 is divided by 11?
9
Calculate the remainder when 2460 is divided by 7.
3
Calculate the remainder when 331 is divided by 141.
49
Calculate the remainder when 4360 is divided by 97.
92
What is the remainder when 126 is divided by 46?
34
What is the remainder when 188 is divided by 33?
23
Calculate the remainder when 1142 is divided by 41.
35
What is the remainder when 423 is divided by 112?
87
Calculate the remainder when 50 is divided by 15.
5
Calculate the remainder when 304 is divided by 80.
64
Calculate the remainder when 4345 is divided by 63.
61
Calculate the remainder when 222 is divided by 56.
54
Calculate the remainder when 6 is divided by 3.
0
What is the remainder when 1473 is divided by 52?
17
Calculate the remainder when 447 is divi